{"id":567,"date":"2021-09-16T10:13:05","date_gmt":"2021-09-16T09:13:05","guid":{"rendered":"https:\/\/victoriainteriorista.com\/es\/?page_id=567"},"modified":"2022-10-27T16:16:26","modified_gmt":"2022-10-27T15:16:26","slug":"sobre-mi","status":"publish","type":"page","link":"https:\/\/victoriainteriorista.com\/es\/sobre-mi\/","title":{"rendered":"SOBRE MI"},"content":{"rendered":"\t\t<div data-elementor-type=\"wp-page\" data-elementor-id=\"567\" class=\"elementor elementor-567\">\n\t\t\t\t\t\t<section class=\"elementor-section elementor-top-section elementor-element elementor-element-b30b5b2 elementor-section-boxed elementor-section-height-default elementor-section-height-default\" data-id=\"b30b5b2\" data-element_type=\"section\" data-e-type=\"section\">\n\t\t\t\t\t\t<div class=\"elementor-container elementor-column-gap-default\">\n\t\t\t\t\t<div class=\"elementor-column elementor-col-50 elementor-top-column elementor-element elementor-element-3c631492\" data-id=\"3c631492\" data-element_type=\"column\" data-e-type=\"column\">\n\t\t\t<div class=\"elementor-widget-wrap elementor-element-populated\">\n\t\t\t\t\t\t<div class=\"elementor-element elementor-element-4261654 elementor-widget elementor-widget-image\" data-id=\"4261654\" data-element_type=\"widget\" data-e-type=\"widget\" data-widget_type=\"image.default\">\n\t\t\t\t<div class=\"elementor-widget-container\">\n\t\t\t\t\t\t\t\t\t\t\t\t\t\t\t<img fetchpriority=\"high\" decoding=\"async\" width=\"239\" height=\"300\" src=\"https:\/\/victoriainteriorista.com\/es\/wp-content\/uploads\/2021\/09\/victoria-bn-239x300.jpg\" class=\"attachment-medium size-medium wp-image-805\" alt=\"\" srcset=\"https:\/\/victoriainteriorista.com\/es\/wp-content\/uploads\/2021\/09\/victoria-bn-239x300.jpg 239w, https:\/\/victoriainteriorista.com\/es\/wp-content\/uploads\/2021\/09\/victoria-bn.jpg 474w\" sizes=\"(max-width: 239px) 100vw, 239px\" \/>\t\t\t\t\t\t\t\t\t\t\t\t\t\t\t<\/div>\n\t\t\t\t<\/div>\n\t\t\t\t\t<\/div>\n\t\t<\/div>\n\t\t\t\t<div class=\"elementor-column elementor-col-50 elementor-top-column elementor-element elementor-element-6de87a9\" data-id=\"6de87a9\" data-element_type=\"column\" data-e-type=\"column\">\n\t\t\t<div class=\"elementor-widget-wrap elementor-element-populated\">\n\t\t\t\t\t\t<div class=\"elementor-element elementor-element-41aee28 elementor-widget elementor-widget-heading\" data-id=\"41aee28\" data-element_type=\"widget\" data-e-type=\"widget\" data-widget_type=\"heading.default\">\n\t\t\t\t<div class=\"elementor-widget-container\">\n\t\t\t\t\t<h2 class=\"elementor-heading-title elementor-size-default\">Hola, soy Victoria S\u00e1nchez,<\/h2>\t\t\t\t<\/div>\n\t\t\t\t<\/div>\n\t\t\t\t<div class=\"elementor-element elementor-element-cbc633c elementor-widget elementor-widget-text-editor\" data-id=\"cbc633c\" data-element_type=\"widget\" data-e-type=\"widget\" data-widget_type=\"text-editor.default\">\n\t\t\t\t<div class=\"elementor-widget-container\">\n\t\t\t\t\t\t\t\t\t<p>Dise\u00f1adora de Interiores y Escaparatista con m\u00e1s de 15 a\u00f1os de experiencia laboral, durante los cuales he trabajado para varias empresas del sector de la construcci\u00f3n, reformas, arquitectura, decoraci\u00f3n, mobiliario y cocinas, etc\u2026.. Siempre rodeada de grandes profesionales que me han hecho crecer profesional y personalmente.<\/p><p>Realizo la Gesti\u00f3n Integral de Proyectos de Interiorismo, dise\u00f1o de espacios y creaci\u00f3n de ambientes para todo tipo de instalaciones.<\/p><p>Asesoramiento integral abarcando todas las \u00e1reas relacionadas con el Dise\u00f1o de Interiores y la decoraci\u00f3n, desde la elaboraci\u00f3n de planos, elecci\u00f3n de materiales, revestimientos, amueblamiento, pintura, iluminaci\u00f3n, etc.<\/p>\t\t\t\t\t\t\t\t<\/div>\n\t\t\t\t<\/div>\n\t\t\t\t\t<\/div>\n\t\t<\/div>\n\t\t\t\t\t<\/div>\n\t\t<\/section>\n\t\t\t\t<section class=\"elementor-section elementor-top-section elementor-element elementor-element-6cacfb6 elementor-section-boxed elementor-section-height-default elementor-section-height-default\" data-id=\"6cacfb6\" data-element_type=\"section\" data-e-type=\"section\">\n\t\t\t\t\t\t<div class=\"elementor-container elementor-column-gap-default\">\n\t\t\t\t\t<div class=\"elementor-column elementor-col-100 elementor-top-column elementor-element elementor-element-1551cd0\" data-id=\"1551cd0\" data-element_type=\"column\" data-e-type=\"column\">\n\t\t\t<div class=\"elementor-widget-wrap elementor-element-populated\">\n\t\t\t\t\t\t<div class=\"elementor-element elementor-element-b4464ab elementor-widget elementor-widget-text-editor\" data-id=\"b4464ab\" data-element_type=\"widget\" data-e-type=\"widget\" data-widget_type=\"text-editor.default\">\n\t\t\t\t<div class=\"elementor-widget-container\">\n\t\t\t\t\t\t\t\t\t<p>Haciendo de intermediaria entre el cliente y proveedores, hasta la direcci\u00f3n de obra si es necesario, facilit\u00e1ndole as\u00ed, la labor al cliente.<\/p><p>Creo proyectos con personalidad propia, adaptados a las necesidades y presupuesto de mi cliente. Doy soluciones funcionales, t\u00e9cnicas y est\u00e9ticas adecuadas.<\/p>\t\t\t\t\t\t\t\t<\/div>\n\t\t\t\t<\/div>\n\t\t\t\t<div class=\"elementor-element elementor-element-dab8bf4 elementor-icon-list--layout-traditional elementor-list-item-link-full_width elementor-widget elementor-widget-icon-list\" data-id=\"dab8bf4\" data-element_type=\"widget\" data-e-type=\"widget\" data-widget_type=\"icon-list.default\">\n\t\t\t\t<div class=\"elementor-widget-container\">\n\t\t\t\t\t\t\t<ul class=\"elementor-icon-list-items\">\n\t\t\t\t\t\t\t<li class=\"elementor-icon-list-item\">\n\t\t\t\t\t\t\t\t\t\t\t<span class=\"elementor-icon-list-icon\">\n\t\t\t\t\t\t\t<i aria-hidden=\"true\" class=\"fas fa-caret-right\"><\/i>\t\t\t\t\t\t<\/span>\n\t\t\t\t\t\t\t\t\t\t<span class=\"elementor-icon-list-text\">Proyectos integrales de decoraci\u00f3n.<\/span>\n\t\t\t\t\t\t\t\t\t<\/li>\n\t\t\t\t\t\t\t\t<li class=\"elementor-icon-list-item\">\n\t\t\t\t\t\t\t\t\t\t\t<span class=\"elementor-icon-list-icon\">\n\t\t\t\t\t\t\t<i aria-hidden=\"true\" class=\"fas fa-caret-right\"><\/i>\t\t\t\t\t\t<\/span>\n\t\t\t\t\t\t\t\t\t\t<span class=\"elementor-icon-list-text\">Asesoramiento online.<\/span>\n\t\t\t\t\t\t\t\t\t<\/li>\n\t\t\t\t\t\t\t\t<li class=\"elementor-icon-list-item\">\n\t\t\t\t\t\t\t\t\t\t\t<span class=\"elementor-icon-list-icon\">\n\t\t\t\t\t\t\t<i aria-hidden=\"true\" class=\"fas fa-caret-right\"><\/i>\t\t\t\t\t\t<\/span>\n\t\t\t\t\t\t\t\t\t\t<span class=\"elementor-icon-list-text\">Dise\u00f1o de viviendas, locales comerciales, oficinas, hoteles, etc.<\/span>\n\t\t\t\t\t\t\t\t\t<\/li>\n\t\t\t\t\t\t\t\t<li class=\"elementor-icon-list-item\">\n\t\t\t\t\t\t\t\t\t\t\t<span class=\"elementor-icon-list-icon\">\n\t\t\t\t\t\t\t<i aria-hidden=\"true\" class=\"fas fa-caret-right\"><\/i>\t\t\t\t\t\t<\/span>\n\t\t\t\t\t\t\t\t\t\t<span class=\"elementor-icon-list-text\">Dise\u00f1o de Stands para Ferias, exposiciones y eventos, desarrollo y gesti\u00f3n del montaje.<\/span>\n\t\t\t\t\t\t\t\t\t<\/li>\n\t\t\t\t\t\t\t\t<li class=\"elementor-icon-list-item\">\n\t\t\t\t\t\t\t\t\t\t\t<span class=\"elementor-icon-list-icon\">\n\t\t\t\t\t\t\t<i aria-hidden=\"true\" class=\"fas fa-caret-right\"><\/i>\t\t\t\t\t\t<\/span>\n\t\t\t\t\t\t\t\t\t\t<span class=\"elementor-icon-list-text\">Escaparatismo.<\/span>\n\t\t\t\t\t\t\t\t\t<\/li>\n\t\t\t\t\t\t\t\t<li class=\"elementor-icon-list-item\">\n\t\t\t\t\t\t\t\t\t\t\t<span class=\"elementor-icon-list-icon\">\n\t\t\t\t\t\t\t<i aria-hidden=\"true\" class=\"fas fa-caret-right\"><\/i>\t\t\t\t\t\t<\/span>\n\t\t\t\t\t\t\t\t\t\t<span class=\"elementor-icon-list-text\">Gesti\u00f3n de proveedores y presupuestos.<\/span>\n\t\t\t\t\t\t\t\t\t<\/li>\n\t\t\t\t\t\t\t\t<li class=\"elementor-icon-list-item\">\n\t\t\t\t\t\t\t\t\t\t\t<span class=\"elementor-icon-list-icon\">\n\t\t\t\t\t\t\t<i aria-hidden=\"true\" class=\"fas fa-caret-right\"><\/i>\t\t\t\t\t\t<\/span>\n\t\t\t\t\t\t\t\t\t\t<span class=\"elementor-icon-list-text\">Presentaci\u00f3n de planos en 2D.<\/span>\n\t\t\t\t\t\t\t\t\t<\/li>\n\t\t\t\t\t\t\t\t<li class=\"elementor-icon-list-item\">\n\t\t\t\t\t\t\t\t\t\t\t<span class=\"elementor-icon-list-icon\">\n\t\t\t\t\t\t\t<i aria-hidden=\"true\" class=\"fas fa-caret-right\"><\/i>\t\t\t\t\t\t<\/span>\n\t\t\t\t\t\t\t\t\t\t<span class=\"elementor-icon-list-text\">Infograf\u00eda 3D.<\/span>\n\t\t\t\t\t\t\t\t\t<\/li>\n\t\t\t\t\t\t\t\t<li class=\"elementor-icon-list-item\">\n\t\t\t\t\t\t\t\t\t\t\t<span class=\"elementor-icon-list-icon\">\n\t\t\t\t\t\t\t<i aria-hidden=\"true\" class=\"fas fa-caret-right\"><\/i>\t\t\t\t\t\t<\/span>\n\t\t\t\t\t\t\t\t\t\t<span class=\"elementor-icon-list-text\">Formaci\u00f3n.<\/span>\n\t\t\t\t\t\t\t\t\t<\/li>\n\t\t\t\t\t\t<\/ul>\n\t\t\t\t\t\t<\/div>\n\t\t\t\t<\/div>\n\t\t\t\t<div class=\"elementor-element elementor-element-997e7be elementor-widget-divider--view-line elementor-widget elementor-widget-divider\" data-id=\"997e7be\" data-element_type=\"widget\" data-e-type=\"widget\" data-widget_type=\"divider.default\">\n\t\t\t\t<div class=\"elementor-widget-container\">\n\t\t\t\t\t\t\t<div class=\"elementor-divider\">\n\t\t\t<span class=\"elementor-divider-separator\">\n\t\t\t\t\t\t<\/span>\n\t\t<\/div>\n\t\t\t\t\t\t<\/div>\n\t\t\t\t<\/div>\n\t\t\t\t\t<\/div>\n\t\t<\/div>\n\t\t\t\t\t<\/div>\n\t\t<\/section>\n\t\t\t\t<section class=\"elementor-section elementor-top-section elementor-element elementor-element-fc37304 elementor-section-boxed elementor-section-height-default elementor-section-height-default\" data-id=\"fc37304\" data-element_type=\"section\" data-e-type=\"section\">\n\t\t\t\t\t\t<div class=\"elementor-container elementor-column-gap-default\">\n\t\t\t\t\t<div class=\"elementor-column elementor-col-100 elementor-top-column elementor-element elementor-element-bf46e75\" data-id=\"bf46e75\" data-element_type=\"column\" data-e-type=\"column\">\n\t\t\t<div class=\"elementor-widget-wrap elementor-element-populated\">\n\t\t\t\t\t\t<div class=\"elementor-element elementor-element-6c2b452 elementor-widget elementor-widget-heading\" data-id=\"6c2b452\" data-element_type=\"widget\" data-e-type=\"widget\" data-widget_type=\"heading.default\">\n\t\t\t\t<div class=\"elementor-widget-container\">\n\t\t\t\t\t<h2 class=\"elementor-heading-title elementor-size-default\">Contacta conmigo y solicita tu presupuesto<\/h2>\t\t\t\t<\/div>\n\t\t\t\t<\/div>\n\t\t\t\t<div class=\"elementor-element elementor-element-bbe6d94 elementor-widget elementor-widget-text-editor\" data-id=\"bbe6d94\" data-element_type=\"widget\" data-e-type=\"widget\" data-widget_type=\"text-editor.default\">\n\t\t\t\t<div class=\"elementor-widget-container\">\n\t\t\t\t\t\t\t\t\t<p><a href=\"mailto:info@victoriainteriorista.com\">info@victoriainteriorista.com<\/a><\/p>\t\t\t\t\t\t\t\t<\/div>\n\t\t\t\t<\/div>\n\t\t\t\t\t<\/div>\n\t\t<\/div>\n\t\t\t\t\t<\/div>\n\t\t<\/section>\n\t\t\t\t<\/div>\n\t\t","protected":false},"excerpt":{"rendered":"<p>Hola, soy Victoria S\u00e1nchez, Dise\u00f1adora de Interiores y Escaparatista con m\u00e1s de 15 a\u00f1os de experiencia laboral, durante los cuales he trabajado para varias empresas del sector de la construcci\u00f3n, reformas, arquitectura, decoraci\u00f3n, mobiliario y cocinas, etc\u2026.. Siempre rodeada de grandes profesionales que me han hecho crecer profesional y personalmente. Realizo la Gesti\u00f3n Integral de &#8230; <a title=\"SOBRE MI\" class=\"read-more\" href=\"https:\/\/victoriainteriorista.com\/es\/sobre-mi\/\">Read more<span class=\"screen-reader-text\">SOBRE MI<\/span><\/a><\/p>\n","protected":false},"author":1,"featured_media":0,"parent":0,"menu_order":0,"comment_status":"closed","ping_status":"closed","template":"","meta":{"footnotes":""},"class_list":["post-567","page","type-page","status-publish"],"_links":{"self":[{"href":"https:\/\/victoriainteriorista.com\/es\/wp-json\/wp\/v2\/pages\/567","targetHints":{"allow":["GET"]}}],"collection":[{"href":"https:\/\/victoriainteriorista.com\/es\/wp-json\/wp\/v2\/pages"}],"about":[{"href":"https:\/\/victoriainteriorista.com\/es\/wp-json\/wp\/v2\/types\/page"}],"author":[{"embeddable":true,"href":"https:\/\/victoriainteriorista.com\/es\/wp-json\/wp\/v2\/users\/1"}],"replies":[{"embeddable":true,"href":"https:\/\/victoriainteriorista.com\/es\/wp-json\/wp\/v2\/comments?post=567"}],"version-history":[{"count":62,"href":"https:\/\/victoriainteriorista.com\/es\/wp-json\/wp\/v2\/pages\/567\/revisions"}],"predecessor-version":[{"id":1078,"href":"https:\/\/victoriainteriorista.com\/es\/wp-json\/wp\/v2\/pages\/567\/revisions\/1078"}],"wp:attachment":[{"href":"https:\/\/victoriainteriorista.com\/es\/wp-json\/wp\/v2\/media?parent=567"}],"curies":[{"name":"wp","href":"https:\/\/api.w.org\/{rel}","templated":true}]}}

<div data-elementor-type="wp-page" data-elementor-id="567" class="elementor elementor-567">
						<section class="elementor-section elementor-top-section elementor-element elementor-element-b30b5b2 elementor-section-boxed elementor-section-height-default elementor-section-height-default" data-id="b30b5b2" data-element_type="section" data-e-type="section">
						<div class="elementor-container elementor-column-gap-default">
					<div class="elementor-column elementor-col-50 elementor-top-column elementor-element elementor-element-3c631492" data-id="3c631492" data-element_type="column" data-e-type="column">
			<div class="elementor-widget-wrap elementor-element-populated">
						<div class="elementor-element elementor-element-4261654 elementor-widget elementor-widget-image" data-id="4261654" data-element_type="widget" data-e-type="widget" data-widget_type="image.default">
				<div class="elementor-widget-container">
															<img fetchpriority="high" decoding="async" width="239" height="300" src="https://victoriainteriorista.com/es/wp-content/uploads/2021/09/victoria-bn-239x300.jpg" class="attachment-medium size-medium wp-image-805" alt="" srcset="https://victoriainteriorista.com/es/wp-content/uploads/2021/09/victoria-bn-239x300.jpg 239w, https://victoriainteriorista.com/es/wp-content/uploads/2021/09/victoria-bn.jpg 474w" sizes="(max-width: 239px) 100vw, 239px" />															</div>
				</div>
					</div>
		</div>
				<div class="elementor-column elementor-col-50 elementor-top-column elementor-element elementor-element-6de87a9" data-id="6de87a9" data-element_type="column" data-e-type="column">
			<div class="elementor-widget-wrap elementor-element-populated">
						<div class="elementor-element elementor-element-41aee28 elementor-widget elementor-widget-heading" data-id="41aee28" data-element_type="widget" data-e-type="widget" data-widget_type="heading.default">
				<div class="elementor-widget-container">
					<h2 class="elementor-heading-title elementor-size-default">Hola, soy Victoria Sánchez,</h2>				</div>
				</div>
				<div class="elementor-element elementor-element-cbc633c elementor-widget elementor-widget-text-editor" data-id="cbc633c" data-element_type="widget" data-e-type="widget" data-widget_type="text-editor.default">
				<div class="elementor-widget-container">
									<p>Diseñadora de Interiores y Escaparatista con más de 15 años de experiencia laboral, durante los cuales he trabajado para varias empresas del sector de la construcción, reformas, arquitectura, decoración, mobiliario y cocinas, etc….. Siempre rodeada de grandes profesionales que me han hecho crecer profesional y personalmente.</p><p>Realizo la Gestión Integral de Proyectos de Interiorismo, diseño de espacios y creación de ambientes para todo tipo de instalaciones.</p><p>Asesoramiento integral abarcando todas las áreas relacionadas con el Diseño de Interiores y la decoración, desde la elaboración de planos, elección de materiales, revestimientos, amueblamiento, pintura, iluminación, etc.</p>								</div>
				</div>
					</div>
		</div>
					</div>
		</section>
				<section class="elementor-section elementor-top-section elementor-element elementor-element-6cacfb6 elementor-section-boxed elementor-section-height-default elementor-section-height-default" data-id="6cacfb6" data-element_type="section" data-e-type="section">
						<div class="elementor-container elementor-column-gap-default">
					<div class="elementor-column elementor-col-100 elementor-top-column elementor-element elementor-element-1551cd0" data-id="1551cd0" data-element_type="column" data-e-type="column">
			<div class="elementor-widget-wrap elementor-element-populated">
						<div class="elementor-element elementor-element-b4464ab elementor-widget elementor-widget-text-editor" data-id="b4464ab" data-element_type="widget" data-e-type="widget" data-widget_type="text-editor.default">
				<div class="elementor-widget-container">
									<p>Haciendo de intermediaria entre el cliente y proveedores, hasta la dirección de obra si es necesario, facilitándole así, la labor al cliente.</p><p>Creo proyectos con personalidad propia, adaptados a las necesidades y presupuesto de mi cliente. Doy soluciones funcionales, técnicas y estéticas adecuadas.</p>								</div>
				</div>
				<div class="elementor-element elementor-element-dab8bf4 elementor-icon-list--layout-traditional elementor-list-item-link-full_width elementor-widget elementor-widget-icon-list" data-id="dab8bf4" data-element_type="widget" data-e-type="widget" data-widget_type="icon-list.default">
				<div class="elementor-widget-container">
							<ul class="elementor-icon-list-items">
							<li class="elementor-icon-list-item">
											<span class="elementor-icon-list-icon">
							<i aria-hidden="true" class="fas fa-caret-right"></i>						</span>
										<span class="elementor-icon-list-text">Proyectos integrales de decoración.</span>
									</li>
								<li class="elementor-icon-list-item">
											<span class="elementor-icon-list-icon">
							<i aria-hidden="true" class="fas fa-caret-right"></i>						</span>
										<span class="elementor-icon-list-text">Asesoramiento online.</span>
									</li>
								<li class="elementor-icon-list-item">
											<span class="elementor-icon-list-icon">
							<i aria-hidden="true" class="fas fa-caret-right"></i>						</span>
										<span class="elementor-icon-list-text">Diseño de viviendas, locales comerciales, oficinas, hoteles, etc.</span>
									</li>
								<li class="elementor-icon-list-item">
											<span class="elementor-icon-list-icon">
							<i aria-hidden="true" class="fas fa-caret-right"></i>						</span>
										<span class="elementor-icon-list-text">Diseño de Stands para Ferias, exposiciones y eventos, desarrollo y gestión del montaje.</span>
									</li>
								<li class="elementor-icon-list-item">
											<span class="elementor-icon-list-icon">
							<i aria-hidden="true" class="fas fa-caret-right"></i>						</span>
										<span class="elementor-icon-list-text">Escaparatismo.</span>
									</li>
								<li class="elementor-icon-list-item">
											<span class="elementor-icon-list-icon">
							<i aria-hidden="true" class="fas fa-caret-right"></i>						</span>
										<span class="elementor-icon-list-text">Gestión de proveedores y presupuestos.</span>
									</li>
								<li class="elementor-icon-list-item">
											<span class="elementor-icon-list-icon">
							<i aria-hidden="true" class="fas fa-caret-right"></i>						</span>
										<span class="elementor-icon-list-text">Presentación de planos en 2D.</span>
									</li>
								<li class="elementor-icon-list-item">
											<span class="elementor-icon-list-icon">
							<i aria-hidden="true" class="fas fa-caret-right"></i>						</span>
										<span class="elementor-icon-list-text">Infografía 3D.</span>
									</li>
								<li class="elementor-icon-list-item">
											<span class="elementor-icon-list-icon">
							<i aria-hidden="true" class="fas fa-caret-right"></i>						</span>
										<span class="elementor-icon-list-text">Formación.</span>
									</li>
						</ul>
						</div>
				</div>
				<div class="elementor-element elementor-element-997e7be elementor-widget-divider--view-line elementor-widget elementor-widget-divider" data-id="997e7be" data-element_type="widget" data-e-type="widget" data-widget_type="divider.default">
				<div class="elementor-widget-container">
							<div class="elementor-divider">
			<span class="elementor-divider-separator">
						</span>
		</div>
						</div>
				</div>
					</div>
		</div>
					</div>
		</section>
				<section class="elementor-section elementor-top-section elementor-element elementor-element-fc37304 elementor-section-boxed elementor-section-height-default elementor-section-height-default" data-id="fc37304" data-element_type="section" data-e-type="section">
						<div class="elementor-container elementor-column-gap-default">
					<div class="elementor-column elementor-col-100 elementor-top-column elementor-element elementor-element-bf46e75" data-id="bf46e75" data-element_type="column" data-e-type="column">
			<div class="elementor-widget-wrap elementor-element-populated">
						<div class="elementor-element elementor-element-6c2b452 elementor-widget elementor-widget-heading" data-id="6c2b452" data-element_type="widget" data-e-type="widget" data-widget_type="heading.default">
				<div class="elementor-widget-container">
					<h2 class="elementor-heading-title elementor-size-default">Contacta conmigo y solicita tu presupuesto</h2>				</div>
				</div>
				<div class="elementor-element elementor-element-bbe6d94 elementor-widget elementor-widget-text-editor" data-id="bbe6d94" data-element_type="widget" data-e-type="widget" data-widget_type="text-editor.default">
				<div class="elementor-widget-container">
									<p><a href="mailto:info@victoriainteriorista.com">info@victoriainteriorista.com</a></p>								</div>
				</div>
					</div>
		</div>
					</div>
		</section>
				</div>

<p>Hola, soy Victoria Sánchez, Diseñadora de Interiores y Escaparatista con más de 15 años de experiencia laboral, durante los cuales he trabajado para varias empresas del sector de la construcción, reformas, arquitectura, decoración, mobiliario y cocinas, etc….. Siempre rodeada de grandes profesionales que me han hecho crecer profesional y personalmente. Realizo la Gestión Integral de &#8230; <a title="SOBRE MI" class="read-more" href="https://victoriainteriorista.com/es/sobre-mi/">Read more<span class="screen-reader-text">SOBRE MI</span></a></p>
